Last updated on 2025-05-23 04:51:08 CEST.
Flavor | Version | Tinstall | Tcheck | Ttotal | Status | Flags |
---|---|---|---|---|---|---|
r-devel-linux-x86_64-debian-clang | 0.2.0 | 4.54 | 35.55 | 40.09 | OK | |
r-devel-linux-x86_64-debian-gcc | 0.2.0 | 2.88 | 27.22 | 30.10 | OK | |
r-devel-linux-x86_64-fedora-clang | 0.2.0 | 61.77 | OK | |||
r-devel-linux-x86_64-fedora-gcc | 0.2.0 | 56.92 | OK | |||
r-devel-windows-x86_64 | 0.2.0 | 7.00 | 54.00 | 61.00 | OK | |
r-patched-linux-x86_64 | 0.2.0 | 4.33 | 33.01 | 37.34 | OK | |
r-release-linux-x86_64 | 0.2.0 | 4.38 | 32.91 | 37.29 | OK | |
r-release-macos-arm64 | 0.2.0 | 40.00 | OK | |||
r-release-macos-x86_64 | 0.2.0 | 36.00 | OK | |||
r-release-windows-x86_64 | 0.2.0 | 7.00 | 79.00 | 86.00 | OK | |
r-oldrel-macos-arm64 | 0.2.0 | 21.00 | NOTE | |||
r-oldrel-macos-x86_64 | 0.2.0 | 50.00 | NOTE | |||
r-oldrel-windows-x86_64 | 0.2.0 | 8.00 | 60.00 | 68.00 | NOTE |
Version: 0.2.0
Check: LazyData
Result: NOTE
'LazyData' is specified without a 'data' directory
Flavors: r-oldrel-macos-arm64, r-oldrel-macos-x86_64, r-oldrel-windows-x86_64