Last updated on 2025-07-19 04:49:22 CEST.
Flavor | Version | Tinstall | Tcheck | Ttotal | Status | Flags |
---|---|---|---|---|---|---|
r-devel-linux-x86_64-debian-clang | 0.4.5 | 7.72 | 64.22 | 71.94 | NOTE | |
r-devel-linux-x86_64-debian-gcc | 0.4.5 | 6.53 | 46.08 | 52.61 | NOTE | |
r-devel-linux-x86_64-fedora-clang | 0.4.5 | 108.64 | OK | |||
r-devel-linux-x86_64-fedora-gcc | 0.4.5 | 106.09 | OK | |||
r-devel-windows-x86_64 | 0.4.5 | 8.00 | 86.00 | 94.00 | OK | |
r-patched-linux-x86_64 | 0.4.5 | 8.13 | 60.77 | 68.90 | OK | |
r-release-linux-x86_64 | 0.4.5 | 7.44 | 61.69 | 69.13 | OK | |
r-release-macos-arm64 | 0.4.5 | 50.00 | OK | |||
r-release-macos-x86_64 | 0.4.5 | 61.00 | OK | |||
r-release-windows-x86_64 | 0.4.5 | 9.00 | 86.00 | 95.00 | OK | |
r-oldrel-macos-arm64 | 0.4.5 | 32.00 | OK | |||
r-oldrel-macos-x86_64 | 0.4.5 | 53.00 | OK | |||
r-oldrel-windows-x86_64 | 0.4.5 | 12.00 | 98.00 | 110.00 | OK |
Version: 0.4.5
Check: CRAN incoming feasibility
Result: NOTE
Maintainer: ‘Carlos Miranda <carlos.miranda@unavarra.es>’
No Authors@R field in DESCRIPTION.
Please add one, modifying
Authors@R: person(given = "Carlos",
family = "Miranda",
role = c("aut", "cre"),
email = "carlos.miranda@unavarra.es")
as necessary.
Flavors: r-devel-linux-x86_64-debian-clang, r-devel-linux-x86_64-debian-gcc