Last updated on 2025-07-17 04:54:40 CEST.
Flavor | Version | Tinstall | Tcheck | Ttotal | Status | Flags |
---|---|---|---|---|---|---|
r-devel-linux-x86_64-debian-clang | 1.0.0 | 169.63 | 152.08 | 321.71 | OK | |
r-devel-linux-x86_64-debian-gcc | 1.0.0 | 123.95 | 105.05 | 229.00 | OK | |
r-devel-linux-x86_64-fedora-clang | 1.0.0 | 568.43 | OK | |||
r-devel-linux-x86_64-fedora-gcc | 1.0.0 | 566.09 | OK | |||
r-devel-windows-x86_64 | 1.0.0 | 181.00 | 158.00 | 339.00 | OK | |
r-patched-linux-x86_64 | 1.0.0 | 158.21 | 137.84 | 296.05 | OK | |
r-release-linux-x86_64 | 1.0.0 | 167.24 | 138.52 | 305.76 | OK | |
r-release-macos-arm64 | 1.0.0 | 8.00 | ERROR | |||
r-release-macos-x86_64 | 1.0.0 | 17.00 | ERROR | |||
r-release-windows-x86_64 | 1.0.0 | 183.00 | 159.00 | 342.00 | OK | |
r-oldrel-macos-arm64 | 1.0.0 | 12.00 | ERROR | |||
r-oldrel-macos-x86_64 | 1.0.0 | 20.00 | ERROR | |||
r-oldrel-windows-x86_64 | 1.0.0 | 216.00 | 214.00 | 430.00 | NOTE |
Version: 1.0.0
Check: whether package can be installed
Result: ERROR
Installation failed.
Flavors: r-release-macos-arm64, r-release-macos-x86_64, r-oldrel-macos-arm64, r-oldrel-macos-x86_64
Version: 1.0.0
Check: installed package size
Result: NOTE
installed size is 6.8Mb
sub-directories of 1Mb or more:
data 4.4Mb
libs 1.6Mb
Flavor: r-oldrel-windows-x86_64