Last updated on 2025-07-17 04:54:41 CEST.
Flavor | Version | Tinstall | Tcheck | Ttotal | Status | Flags |
---|---|---|---|---|---|---|
r-devel-linux-x86_64-debian-clang | 0.3.4 | 99.66 | 240.61 | 340.27 | OK | |
r-devel-linux-x86_64-debian-gcc | 0.3.4 | 70.87 | 167.64 | 238.51 | OK | |
r-devel-linux-x86_64-fedora-clang | 0.3.4 | 569.74 | OK | |||
r-devel-linux-x86_64-fedora-gcc | 0.3.4 | 563.83 | OK | |||
r-devel-windows-x86_64 | 0.3.4 | 106.00 | 231.00 | 337.00 | OK | |
r-patched-linux-x86_64 | 0.3.4 | 94.40 | 227.03 | 321.43 | OK | |
r-release-linux-x86_64 | 0.3.4 | 94.44 | 228.35 | 322.79 | OK | |
r-release-macos-arm64 | 0.3.4 | 136.00 | OK | |||
r-release-macos-x86_64 | 0.3.4 | 235.00 | OK | |||
r-release-windows-x86_64 | 0.3.4 | 108.00 | 230.00 | 338.00 | OK | |
r-oldrel-macos-arm64 | 0.3.4 | 139.00 | NOTE | |||
r-oldrel-macos-x86_64 | 0.3.4 | 232.00 | NOTE | |||
r-oldrel-windows-x86_64 | 0.3.4 | 132.00 | 329.00 | 461.00 | NOTE |
Version: 0.3.4
Check: installed package size
Result: NOTE
installed size is 9.7Mb
sub-directories of 1Mb or more:
libs 5.6Mb
supplementary_material 3.1Mb
Flavors: r-oldrel-macos-arm64, r-oldrel-macos-x86_64, r-oldrel-windows-x86_64