Last updated on 2025-07-19 04:49:23 CEST.
Flavor | Version | Tinstall | Tcheck | Ttotal | Status | Flags |
---|---|---|---|---|---|---|
r-devel-linux-x86_64-debian-clang | 1.1.4 | 27.63 | 45.76 | 73.39 | NOTE | |
r-devel-linux-x86_64-debian-gcc | 1.1.4 | 19.90 | 37.29 | 57.19 | NOTE | |
r-devel-linux-x86_64-fedora-clang | 1.1.4 | 127.01 | OK | |||
r-devel-linux-x86_64-fedora-gcc | 1.1.4 | 141.33 | OK | |||
r-devel-windows-x86_64 | 1.1.4 | 33.00 | 114.00 | 147.00 | OK | |
r-patched-linux-x86_64 | 1.1.4 | 27.20 | 45.02 | 72.22 | OK | |
r-release-linux-x86_64 | 1.1.4 | 28.35 | 45.09 | 73.44 | OK | |
r-release-macos-arm64 | 1.1.4 | 58.00 | OK | |||
r-release-macos-x86_64 | 1.1.4 | 84.00 | OK | |||
r-release-windows-x86_64 | 1.1.4 | 33.00 | 110.00 | 143.00 | OK | |
r-oldrel-macos-arm64 | 1.1.4 | 49.00 | OK | |||
r-oldrel-macos-x86_64 | 1.1.4 | 71.00 | OK | |||
r-oldrel-windows-x86_64 | 1.1.4 | 38.00 | 127.00 | 165.00 | OK |
Version: 1.1.4
Check: CRAN incoming feasibility
Result: NOTE
Maintainer: ‘Ezequiel Smucler <ezequiels.90@gmail.com>’
No Authors@R field in DESCRIPTION.
Please add one, modifying
Authors@R: c(person(given = "Daniel",
family = "Peña",
role = "aut",
email = "daniel.pena@uc3m.es"),
person(given = "Ezequiel",
family = "Smucler",
role = c("aut", "cre"),
email = "ezequiels.90@gmail.com"),
person(given = "Victor",
family = "Yohai",
role = "aut",
email = "vyohai@dm.uba.ar"))
as necessary.
Flavors: r-devel-linux-x86_64-debian-clang, r-devel-linux-x86_64-debian-gcc