CRAN Package Check Results for Package gek

Last updated on 2025-07-20 04:51:01 CEST.

Flavor Version Tinstall Tcheck Ttotal Status Flags
r-devel-linux-x86_64-debian-clang 1.1.0 5.03 35.89 40.92 OK
r-devel-linux-x86_64-debian-gcc 1.1.0 3.41 26.81 30.22 OK
r-devel-linux-x86_64-fedora-clang 1.1.0 62.71 NOTE
r-devel-linux-x86_64-fedora-gcc 1.1.0 64.11 NOTE
r-devel-windows-x86_64 1.1.0 8.00 62.00 70.00 OK
r-patched-linux-x86_64 1.1.0 5.51 33.42 38.93 OK
r-release-linux-x86_64 1.1.0 4.78 34.11 38.89 OK
r-release-macos-arm64 1.1.0 21.00 OK
r-release-macos-x86_64 1.1.0 41.00 OK
r-release-windows-x86_64 1.1.0 8.00 66.00 74.00 OK
r-oldrel-macos-arm64 1.1.0 26.00 OK
r-oldrel-macos-x86_64 1.1.0 80.00 OK
r-oldrel-windows-x86_64 1.1.0 14.00 78.00 92.00 OK

Check Details

Version: 1.1.0
Check: compiled code
Result: NOTE File ‘gek/libs/gek.so’: Found no calls to: ‘R_registerRoutines’, ‘R_useDynamicSymbols’ It is good practice to register native routines and to disable symbol search. See ‘Writing portable packages’ in the ‘Writing R Extensions’ manual. Flavors: r-devel-linux-x86_64-fedora-clang, r-devel-linux-x86_64-fedora-gcc