Last updated on 2025-07-17 04:54:40 CEST.
Flavor | Version | Tinstall | Tcheck | Ttotal | Status | Flags |
---|---|---|---|---|---|---|
r-devel-linux-x86_64-debian-clang | 1.2 | 1.76 | 50.43 | 52.19 | OK | |
r-devel-linux-x86_64-debian-gcc | 1.2 | 1.70 | 36.96 | 38.66 | OK | |
r-devel-linux-x86_64-fedora-clang | 1.2 | 77.89 | NOTE | |||
r-devel-linux-x86_64-fedora-gcc | 1.2 | 94.97 | NOTE | |||
r-devel-windows-x86_64 | 1.2 | 4.00 | 124.00 | 128.00 | OK | |
r-patched-linux-x86_64 | 1.2 | 2.15 | 45.09 | 47.24 | OK | |
r-release-linux-x86_64 | 1.2 | 1.94 | 45.52 | 47.46 | OK | |
r-release-macos-arm64 | 1.2 | 59.00 | OK | |||
r-release-macos-x86_64 | 1.2 | 76.00 | OK | |||
r-release-windows-x86_64 | 1.2 | 4.00 | 133.00 | 137.00 | OK | |
r-oldrel-macos-arm64 | 1.2 | 45.00 | OK | |||
r-oldrel-macos-x86_64 | 1.2 | 102.00 | OK | |||
r-oldrel-windows-x86_64 | 1.2 | 4.00 | 168.00 | 172.00 | OK |
Version: 1.2
Check: dependencies in R code
Result: NOTE
Namespace in Imports field not imported from: ‘qpdf’
All declared Imports should be used.
Flavors: r-devel-linux-x86_64-fedora-clang, r-devel-linux-x86_64-fedora-gcc