Last updated on 2025-07-17 04:54:40 CEST.
Flavor | Version | Tinstall | Tcheck | Ttotal | Status | Flags |
---|---|---|---|---|---|---|
r-devel-linux-x86_64-debian-clang | 0.3.3 | 9.42 | 97.44 | 106.86 | NOTE | |
r-devel-linux-x86_64-debian-gcc | 0.3.3 | 6.46 | 68.20 | 74.66 | NOTE | |
r-devel-linux-x86_64-fedora-clang | 0.3.3 | 155.52 | NOTE | |||
r-devel-linux-x86_64-fedora-gcc | 0.3.3 | 176.51 | NOTE | |||
r-devel-windows-x86_64 | 0.3.3 | 12.00 | 94.00 | 106.00 | NOTE | |
r-patched-linux-x86_64 | 0.3.3 | 9.44 | 86.69 | 96.13 | NOTE | |
r-release-linux-x86_64 | 0.3.3 | 9.86 | 86.63 | 96.49 | NOTE | |
r-release-macos-arm64 | 0.3.3 | 51.00 | NOTE | |||
r-release-macos-x86_64 | 0.3.3 | 65.00 | OK | |||
r-release-windows-x86_64 | 0.3.3 | 11.00 | 97.00 | 108.00 | NOTE | |
r-oldrel-macos-arm64 | 0.3.3 | 53.00 | OK | |||
r-oldrel-macos-x86_64 | 0.3.3 | 93.00 | OK | |||
r-oldrel-windows-x86_64 | 0.3.3 | 14.00 | 125.00 | 139.00 | OK |
Version: 0.3.3
Check: DESCRIPTION meta-information
Result: NOTE
Missing dependency on R >= 4.2.0 because package code uses the pipe
placeholder syntax added in R 4.2.0.
File(s) using such syntax:
‘crossover.R’ ‘initialize_population.R’ ‘mutation.R’
Flavors: r-devel-linux-x86_64-debian-clang, r-devel-linux-x86_64-debian-gcc, r-devel-linux-x86_64-fedora-clang, r-devel-linux-x86_64-fedora-gcc, r-devel-windows-x86_64, r-patched-linux-x86_64, r-release-linux-x86_64, r-release-macos-arm64, r-release-windows-x86_64