Last updated on 2025-07-19 04:49:23 CEST.
Flavor | Version | Tinstall | Tcheck | Ttotal | Status | Flags |
---|---|---|---|---|---|---|
r-devel-linux-x86_64-debian-clang | 0.4.1 | 11.27 | 84.73 | 96.00 | NOTE | |
r-devel-linux-x86_64-debian-gcc | 0.4.1 | 6.81 | 58.49 | 65.30 | NOTE | |
r-devel-linux-x86_64-fedora-clang | 0.4.1 | 140.59 | OK | |||
r-devel-linux-x86_64-fedora-gcc | 0.4.1 | 131.94 | OK | |||
r-devel-windows-x86_64 | 0.4.1 | 13.00 | 95.00 | 108.00 | OK | |
r-patched-linux-x86_64 | 0.4.1 | 11.68 | 75.81 | 87.49 | OK | |
r-release-linux-x86_64 | 0.4.1 | 11.39 | 75.68 | 87.07 | OK | |
r-release-macos-arm64 | 0.4.1 | 43.00 | OK | |||
r-release-macos-x86_64 | 0.4.1 | 79.00 | OK | |||
r-release-windows-x86_64 | 0.4.1 | 13.00 | 92.00 | 105.00 | OK | |
r-oldrel-macos-arm64 | 0.4.1 | 41.00 | OK | |||
r-oldrel-macos-x86_64 | 0.4.1 | 68.00 | OK | |||
r-oldrel-windows-x86_64 | 0.4.1 | 17.00 | 117.00 | 134.00 | OK |
Version: 0.4.1
Check: CRAN incoming feasibility
Result: NOTE
Maintainer: ‘Jonathan Sidi <yonicd@gmail.com>’
No Authors@R field in DESCRIPTION.
Please add one, modifying
Authors@R: person(given = "Jonathan",
family = "Sidi",
role = c("aut", "cre"),
email = "yonicd@gmail.com")
as necessary.
Flavors: r-devel-linux-x86_64-debian-clang, r-devel-linux-x86_64-debian-gcc