Last updated on 2025-05-23 04:51:09 CEST.
Flavor | Version | Tinstall | Tcheck | Ttotal | Status | Flags |
---|---|---|---|---|---|---|
r-devel-linux-x86_64-debian-clang | 2.2.1 | 46.20 | 233.23 | 279.43 | OK | |
r-devel-linux-x86_64-debian-gcc | 2.2.1 | 29.63 | 156.76 | 186.39 | OK | |
r-devel-linux-x86_64-fedora-clang | 2.2.1 | 445.72 | OK | |||
r-devel-linux-x86_64-fedora-gcc | 2.2.1 | 451.32 | OK | |||
r-devel-windows-x86_64 | 2.2.1 | 50.00 | 383.00 | 433.00 | OK | |
r-patched-linux-x86_64 | 2.2.1 | 48.69 | 217.59 | 266.28 | OK | |
r-release-linux-x86_64 | 2.2.1 | 43.32 | 218.18 | 261.50 | OK | |
r-release-macos-arm64 | 2.2.1 | 116.00 | OK | |||
r-release-macos-x86_64 | 2.2.1 | 236.00 | OK | |||
r-release-windows-x86_64 | 2.2.1 | 53.00 | 707.00 | 760.00 | OK | |
r-oldrel-macos-arm64 | 2.2.1 | 109.00 | NOTE | |||
r-oldrel-macos-x86_64 | 2.2.1 | 176.00 | NOTE | |||
r-oldrel-windows-x86_64 | 2.2.1 | 70.00 | 457.00 | 527.00 | NOTE |
Version: 2.2.1
Check: installed package size
Result: NOTE
installed size is 7.7Mb
sub-directories of 1Mb or more:
doc 3.9Mb
libs 2.2Mb
Flavors: r-oldrel-macos-arm64, r-oldrel-macos-x86_64, r-oldrel-windows-x86_64