Last updated on 2025-07-17 04:54:40 CEST.
Flavor | Version | Tinstall | Tcheck | Ttotal | Status | Flags |
---|---|---|---|---|---|---|
r-devel-linux-x86_64-debian-clang | 0.1.0 | 4.45 | 34.63 | 39.08 | OK | |
r-devel-linux-x86_64-debian-gcc | 0.1.0 | 3.59 | 26.10 | 29.69 | OK | |
r-devel-linux-x86_64-fedora-clang | 0.1.0 | 58.69 | NOTE | |||
r-devel-linux-x86_64-fedora-gcc | 0.1.0 | 53.87 | NOTE | |||
r-devel-windows-x86_64 | 0.1.0 | 6.00 | 52.00 | 58.00 | OK | |
r-patched-linux-x86_64 | 0.1.0 | 4.50 | 32.25 | 36.75 | OK | |
r-release-linux-x86_64 | 0.1.0 | 3.17 | 31.92 | 35.09 | OK | |
r-release-macos-arm64 | 0.1.0 | 19.00 | OK | |||
r-release-macos-x86_64 | 0.1.0 | 36.00 | OK | |||
r-release-windows-x86_64 | 0.1.0 | 6.00 | 50.00 | 56.00 | OK | |
r-oldrel-macos-arm64 | 0.1.0 | 21.00 | OK | |||
r-oldrel-macos-x86_64 | 0.1.0 | 38.00 | OK | |||
r-oldrel-windows-x86_64 | 0.1.0 | 7.00 | 58.00 | 65.00 | OK |
Version: 0.1.0
Check: dependencies in R code
Result: NOTE
Namespace in Imports field not imported from: ‘tidyr’
All declared Imports should be used.
Flavors: r-devel-linux-x86_64-fedora-clang, r-devel-linux-x86_64-fedora-gcc