Last updated on 2025-05-24 04:49:14 CEST.
Flavor | Version | Tinstall | Tcheck | Ttotal | Status | Flags |
---|---|---|---|---|---|---|
r-devel-linux-x86_64-debian-clang | 1.0.1 | 4.05 | 28.78 | 32.83 | OK | |
r-devel-linux-x86_64-debian-gcc | 1.0.1 | 3.09 | 23.17 | 26.26 | OK | |
r-devel-linux-x86_64-fedora-clang | 1.0.1 | 49.85 | OK | |||
r-devel-linux-x86_64-fedora-gcc | 1.0.1 | 47.27 | OK | |||
r-devel-windows-x86_64 | 1.0.1 | 9.00 | 57.00 | 66.00 | OK | |
r-patched-linux-x86_64 | 1.0.1 | 3.61 | 26.77 | 30.38 | OK | |
r-release-linux-x86_64 | 1.0.1 | 3.84 | 26.48 | 30.32 | OK | |
r-release-macos-arm64 | 1.0.1 | 40.00 | OK | |||
r-release-macos-x86_64 | 1.0.1 | 73.00 | OK | |||
r-release-windows-x86_64 | 1.0.1 | 10.00 | 79.00 | 89.00 | OK | |
r-oldrel-macos-arm64 | 1.0.1 | 36.00 | NOTE | |||
r-oldrel-macos-x86_64 | 1.0.1 | 47.00 | NOTE | |||
r-oldrel-windows-x86_64 | 1.0.1 | 11.00 | 53.00 | 64.00 | NOTE |
Version: 1.0.1
Check: installed package size
Result: NOTE
installed size is 18.0Mb
sub-directories of 1Mb or more:
Giac 17.9Mb
Flavors: r-oldrel-macos-arm64, r-oldrel-macos-x86_64, r-oldrel-windows-x86_64