Last updated on 2025-05-23 04:51:09 CEST.
Flavor | Version | Tinstall | Tcheck | Ttotal | Status | Flags |
---|---|---|---|---|---|---|
r-devel-linux-x86_64-debian-clang | 0.0.2 | 75.75 | 213.86 | 289.61 | OK | |
r-devel-linux-x86_64-debian-gcc | 0.0.2 | 50.09 | 141.06 | 191.15 | OK | |
r-devel-linux-x86_64-fedora-clang | 0.0.2 | 504.29 | OK | |||
r-devel-linux-x86_64-fedora-gcc | 0.0.2 | 494.99 | OK | |||
r-devel-windows-x86_64 | 0.0.2 | 89.00 | 296.00 | 385.00 | OK | |
r-patched-linux-x86_64 | 0.0.2 | 74.62 | 204.83 | 279.45 | OK | |
r-release-linux-x86_64 | 0.0.2 | 74.84 | 204.87 | 279.71 | OK | |
r-release-macos-arm64 | 0.0.2 | 137.00 | OK | |||
r-release-macos-x86_64 | 0.0.2 | 317.00 | OK | |||
r-release-windows-x86_64 | 0.0.2 | 87.00 | 342.00 | 429.00 | OK | |
r-oldrel-macos-arm64 | 0.0.2 | 162.00 | NOTE | |||
r-oldrel-macos-x86_64 | 0.0.2 | 310.00 | NOTE | |||
r-oldrel-windows-x86_64 | 0.0.2 | 106.00 | 350.00 | 456.00 | OK |
Version: 0.0.2
Check: installed package size
Result: NOTE
installed size is 5.6Mb
sub-directories of 1Mb or more:
doc 1.7Mb
libs 3.7Mb
Flavors: r-oldrel-macos-arm64, r-oldrel-macos-x86_64