Last updated on 2025-07-17 04:54:41 CEST.
Flavor | Version | Tinstall | Tcheck | Ttotal | Status | Flags |
---|---|---|---|---|---|---|
r-devel-linux-x86_64-debian-clang | 0.0.2 | 13.10 | 177.78 | 190.88 | OK | |
r-devel-linux-x86_64-debian-gcc | 0.0.2 | 8.16 | 110.94 | 119.10 | OK | |
r-devel-linux-x86_64-fedora-clang | 0.0.2 | 289.56 | OK | |||
r-devel-linux-x86_64-fedora-gcc | 0.0.2 | 284.96 | OK | |||
r-devel-windows-x86_64 | 0.0.2 | 15.00 | 161.00 | 176.00 | OK | |
r-patched-linux-x86_64 | 0.0.2 | 13.05 | 165.49 | 178.54 | OK | |
r-release-linux-x86_64 | 0.0.2 | 13.08 | 166.44 | 179.52 | OK | |
r-release-macos-arm64 | 0.0.2 | 76.00 | OK | |||
r-release-macos-x86_64 | 0.0.2 | 158.00 | OK | |||
r-release-windows-x86_64 | 0.0.2 | 14.00 | 158.00 | 172.00 | OK | |
r-oldrel-macos-arm64 | 0.0.2 | 70.00 | NOTE | |||
r-oldrel-macos-x86_64 | 0.0.2 | 114.00 | NOTE | |||
r-oldrel-windows-x86_64 | 0.0.2 | 19.00 | 220.00 | 239.00 | NOTE |
Version: 0.0.2
Check: LazyData
Result: NOTE
'LazyData' is specified without a 'data' directory
Flavors: r-oldrel-macos-arm64, r-oldrel-macos-x86_64, r-oldrel-windows-x86_64