Last updated on 2025-05-23 04:51:10 CEST.
Flavor | Version | Tinstall | Tcheck | Ttotal | Status | Flags |
---|---|---|---|---|---|---|
r-devel-linux-x86_64-debian-clang | 0.16 | 191.49 | 118.06 | 309.55 | NOTE | |
r-devel-linux-x86_64-debian-gcc | 0.16 | 144.90 | 75.65 | 220.55 | NOTE | |
r-devel-linux-x86_64-fedora-clang | 0.16 | 597.61 | OK | |||
r-devel-linux-x86_64-fedora-gcc | 0.16 | 624.15 | OK | |||
r-devel-windows-x86_64 | 0.16 | 209.00 | 150.00 | 359.00 | OK | |
r-patched-linux-x86_64 | 0.16 | 192.48 | 110.94 | 303.42 | OK | |
r-release-linux-x86_64 | 0.16 | 197.64 | 110.48 | 308.12 | OK | |
r-release-macos-arm64 | 0.16 | 127.00 | OK | |||
r-release-macos-x86_64 | 0.16 | 182.00 | OK | |||
r-release-windows-x86_64 | 0.16 | 217.00 | 158.00 | 375.00 | OK | |
r-oldrel-macos-arm64 | 0.16 | 118.00 | NOTE | |||
r-oldrel-macos-x86_64 | 0.16 | 145.00 | NOTE | |||
r-oldrel-windows-x86_64 | 0.16 | 245.00 | 188.00 | 433.00 | OK |
Version: 0.16
Check: CRAN incoming feasibility
Result: NOTE
Maintainer: ‘Terrance Savitsky <tds151@gmail.com>’
No Authors@R field in DESCRIPTION.
Please add one, modifying
Authors@R: person(given = "Terrance",
family = "Savitsky",
role = c("aut", "cre"),
email = "tds151@gmail.com")
as necessary.
Flavors: r-devel-linux-x86_64-debian-clang, r-devel-linux-x86_64-debian-gcc
Version: 0.16
Check: installed package size
Result: NOTE
installed size is 13.3Mb
sub-directories of 1Mb or more:
libs 12.8Mb
Flavors: r-oldrel-macos-arm64, r-oldrel-macos-x86_64