Last updated on 2025-05-23 04:51:10 CEST.
Flavor | Version | Tinstall | Tcheck | Ttotal | Status | Flags |
---|---|---|---|---|---|---|
r-devel-linux-x86_64-debian-clang | 1.3 | 6.81 | 53.50 | 60.31 | NOTE | |
r-devel-linux-x86_64-debian-gcc | 1.3 | 4.72 | 41.06 | 45.78 | NOTE | |
r-devel-linux-x86_64-fedora-clang | 1.3 | 96.74 | OK | |||
r-devel-linux-x86_64-fedora-gcc | 1.3 | 87.37 | OK | |||
r-devel-windows-x86_64 | 1.3 | 7.00 | 105.00 | 112.00 | OK | |
r-patched-linux-x86_64 | 1.3 | 6.09 | 51.20 | 57.29 | OK | |
r-release-linux-x86_64 | 1.3 | 5.80 | 51.26 | 57.06 | OK | |
r-release-macos-arm64 | 1.3 | 33.00 | OK | |||
r-release-macos-x86_64 | 1.3 | 59.00 | OK | |||
r-release-windows-x86_64 | 1.3 | 7.00 | 96.00 | 103.00 | OK | |
r-oldrel-macos-arm64 | 1.3 | 30.00 | OK | |||
r-oldrel-macos-x86_64 | 1.3 | 70.00 | OK | |||
r-oldrel-windows-x86_64 | 1.3 | 10.00 | 80.00 | 90.00 | OK |
Version: 1.3
Check: CRAN incoming feasibility
Result: NOTE
Maintainer: ‘Ian W. McKeague <im2131@columbia.edu>’
No Authors@R field in DESCRIPTION.
Please add one, modifying
Authors@R: c(person(given = "Sara",
family = "Lopez-Pintado",
role = "aut"),
person(given = c("Ian", "W."),
family = "McKeague",
role = c("aut", "cre"),
email = "im2131@columbia.edu"))
as necessary.
Flavors: r-devel-linux-x86_64-debian-clang, r-devel-linux-x86_64-debian-gcc