Last updated on 2025-05-23 04:51:10 CEST.
Flavor | Version | Tinstall | Tcheck | Ttotal | Status | Flags |
---|---|---|---|---|---|---|
r-devel-linux-x86_64-debian-clang | 2.1-2 | 17.03 | 173.53 | 190.56 | NOTE | |
r-devel-linux-x86_64-debian-gcc | 2.1-2 | 11.88 | 107.30 | 119.18 | NOTE | |
r-devel-linux-x86_64-fedora-clang | 2.1-2 | 313.06 | NOTE | |||
r-devel-linux-x86_64-fedora-gcc | 2.1-2 | 287.73 | NOTE | |||
r-devel-windows-x86_64 | 2.1-2 | 24.00 | 174.00 | 198.00 | NOTE | |
r-patched-linux-x86_64 | 2.1-2 | 17.09 | 152.50 | 169.59 | NOTE | |
r-release-linux-x86_64 | 2.1-2 | 17.26 | 153.66 | 170.92 | NOTE | |
r-release-macos-arm64 | 2.1-2 | 166.00 | NOTE | |||
r-release-macos-x86_64 | 2.1-2 | 217.00 | NOTE | |||
r-release-windows-x86_64 | 2.1-2 | 23.00 | 185.00 | 208.00 | NOTE | |
r-oldrel-macos-arm64 | 2.1-2 | 94.00 | OK | |||
r-oldrel-macos-x86_64 | 2.1-2 | 171.00 | OK | |||
r-oldrel-windows-x86_64 | 2.1-2 | 27.00 | 200.00 | 227.00 | OK |
Version: 2.1-2
Check: DESCRIPTION meta-information
Result: NOTE
Missing dependency on R >= 4.1.0 because package code uses the pipe
|> or function shorthand \(...) syntax added in R 4.1.0.
File(s) using such syntax:
‘adjust_speed.R’ ‘adjust_speed.Rd’ ‘gps_as_sflinestring.Rd’
‘gps_as_sfpoints.Rd’ ‘gtfs2gps.Rd’ ‘write_gtfs.Rd’
Flavors: r-devel-linux-x86_64-debian-clang, r-devel-linux-x86_64-debian-gcc, r-devel-linux-x86_64-fedora-clang, r-devel-linux-x86_64-fedora-gcc, r-devel-windows-x86_64, r-patched-linux-x86_64, r-release-linux-x86_64, r-release-macos-arm64, r-release-macos-x86_64, r-release-windows-x86_64