Last updated on 2025-07-17 04:54:41 CEST.
Flavor | Version | Tinstall | Tcheck | Ttotal | Status | Flags |
---|---|---|---|---|---|---|
r-devel-linux-x86_64-debian-clang | 0.1.1 | 3.83 | 43.14 | 46.97 | OK | |
r-devel-linux-x86_64-debian-gcc | 0.1.1 | 2.98 | 33.13 | 36.11 | OK | |
r-devel-linux-x86_64-fedora-clang | 0.1.1 | 71.85 | OK | |||
r-devel-linux-x86_64-fedora-gcc | 0.1.1 | 76.60 | OK | |||
r-devel-windows-x86_64 | 0.1.1 | 6.00 | 66.00 | 72.00 | OK | |
r-patched-linux-x86_64 | 0.1.1 | 4.60 | 39.18 | 43.78 | OK | |
r-release-linux-x86_64 | 0.1.1 | 4.17 | 39.32 | 43.49 | OK | |
r-release-macos-arm64 | 0.1.1 | 39.00 | OK | |||
r-release-macos-x86_64 | 0.1.1 | 72.00 | OK | |||
r-release-windows-x86_64 | 0.1.1 | 7.00 | 61.00 | 68.00 | OK | |
r-oldrel-macos-arm64 | 0.1.1 | 31.00 | NOTE | |||
r-oldrel-macos-x86_64 | 0.1.1 | 65.00 | NOTE | |||
r-oldrel-windows-x86_64 | 0.1.1 | 7.00 | 72.00 | 79.00 | NOTE |
Version: 0.1.1
Check: LazyData
Result: NOTE
'LazyData' is specified without a 'data' directory
Flavors: r-oldrel-macos-arm64, r-oldrel-macos-x86_64, r-oldrel-windows-x86_64