Last updated on 2025-05-22 04:50:01 CEST.
Flavor | Version | Tinstall | Tcheck | Ttotal | Status | Flags |
---|---|---|---|---|---|---|
r-devel-linux-x86_64-debian-clang | 0.1.0 | 5.19 | 49.86 | 55.05 | NOTE | |
r-devel-linux-x86_64-debian-gcc | 0.1.0 | 3.77 | 35.24 | 39.01 | NOTE | |
r-devel-linux-x86_64-fedora-clang | 0.1.0 | 86.91 | OK | |||
r-devel-linux-x86_64-fedora-gcc | 0.1.0 | 78.14 | OK | |||
r-devel-windows-x86_64 | 0.1.0 | 8.00 | 66.00 | 74.00 | OK | |
r-patched-linux-x86_64 | 0.1.0 | 4.40 | 44.85 | 49.25 | OK | |
r-release-linux-x86_64 | 0.1.0 | 4.98 | 45.23 | 50.21 | OK | |
r-release-macos-arm64 | 0.1.0 | 31.00 | OK | |||
r-release-macos-x86_64 | 0.1.0 | 44.00 | OK | |||
r-release-windows-x86_64 | 0.1.0 | 7.00 | 66.00 | 73.00 | OK | |
r-oldrel-macos-arm64 | 0.1.0 | 26.00 | OK | |||
r-oldrel-macos-x86_64 | 0.1.0 | 38.00 | OK | |||
r-oldrel-windows-x86_64 | 0.1.0 | 9.00 | 75.00 | 84.00 | OK |
Version: 0.1.0
Check: CRAN incoming feasibility
Result: NOTE
Maintainer: ‘Hongfei Liu <lhf563@126.com>’
No Authors@R field in DESCRIPTION.
Please add one, modifying
Authors@R: person(given = "Hongfei",
family = "Liu",
role = c("aut", "cre"),
email = "lhf563@126.com")
as necessary.
Flavors: r-devel-linux-x86_64-debian-clang, r-devel-linux-x86_64-debian-gcc