Last updated on 2025-05-23 04:51:10 CEST.
Flavor | Version | Tinstall | Tcheck | Ttotal | Status | Flags |
---|---|---|---|---|---|---|
r-devel-linux-x86_64-debian-clang | 0.3.2 | 6.07 | 202.34 | 208.41 | NOTE | |
r-devel-linux-x86_64-debian-gcc | 0.3.2 | 4.56 | 133.71 | 138.27 | NOTE | |
r-devel-linux-x86_64-fedora-clang | 0.3.2 | 326.33 | OK | |||
r-devel-linux-x86_64-fedora-gcc | 0.3.2 | 356.62 | OK | |||
r-devel-windows-x86_64 | 0.3.2 | 9.00 | 224.00 | 233.00 | OK | |
r-patched-linux-x86_64 | 0.3.2 | 6.76 | 197.04 | 203.80 | OK | |
r-release-linux-x86_64 | 0.3.2 | 5.88 | 199.26 | 205.14 | OK | |
r-release-macos-arm64 | 0.3.2 | 115.00 | OK | |||
r-release-macos-x86_64 | 0.3.2 | 242.00 | OK | |||
r-release-windows-x86_64 | 0.3.2 | 7.00 | 222.00 | 229.00 | OK | |
r-oldrel-macos-arm64 | 0.3.2 | 111.00 | OK | |||
r-oldrel-macos-x86_64 | 0.3.2 | 184.00 | OK | |||
r-oldrel-windows-x86_64 | 0.3.2 | 10.00 | 275.00 | 285.00 | OK |
Version: 0.3.2
Check: CRAN incoming feasibility
Result: NOTE
Maintainer: ‘Martin Spindler <martin.spindler@gmx.de>’
The Description field contains
(2016) <arXiv:1603.01700>.
Please refer to arXiv e-prints via their arXiv DOI <doi:10.48550/arXiv.YYMM.NNNNN>.
Flavors: r-devel-linux-x86_64-debian-clang, r-devel-linux-x86_64-debian-gcc