Last updated on 2025-07-19 04:49:24 CEST.
Flavor | Version | Tinstall | Tcheck | Ttotal | Status | Flags |
---|---|---|---|---|---|---|
r-devel-linux-x86_64-debian-clang | 0.2.0 | 3.56 | 32.26 | 35.82 | OK | |
r-devel-linux-x86_64-debian-gcc | 0.2.0 | 2.48 | 24.16 | 26.64 | OK | |
r-devel-linux-x86_64-fedora-clang | 0.2.0 | 57.52 | OK | |||
r-devel-linux-x86_64-fedora-gcc | 0.2.0 | 51.38 | OK | |||
r-devel-windows-x86_64 | 0.2.0 | 5.00 | 48.00 | 53.00 | OK | |
r-patched-linux-x86_64 | 0.2.0 | 3.65 | 29.58 | 33.23 | OK | |
r-release-linux-x86_64 | 0.2.0 | 2.89 | 29.53 | 32.42 | OK | |
r-release-macos-arm64 | 0.2.0 | 22.00 | OK | |||
r-release-macos-x86_64 | 0.2.0 | 33.00 | OK | |||
r-release-windows-x86_64 | 0.2.0 | 5.00 | 48.00 | 53.00 | OK | |
r-oldrel-macos-arm64 | 0.2.0 | 20.00 | NOTE | |||
r-oldrel-macos-x86_64 | 0.2.0 | 31.00 | NOTE | |||
r-oldrel-windows-x86_64 | 0.2.0 | 6.00 | 56.00 | 62.00 | NOTE |
Version: 0.2.0
Check: LazyData
Result: NOTE
'LazyData' is specified without a 'data' directory
Flavors: r-oldrel-macos-arm64, r-oldrel-macos-x86_64, r-oldrel-windows-x86_64