CRAN Package Check Results for Package hillR

Last updated on 2025-07-19 04:49:24 CEST.

Flavor Version Tinstall Tcheck Ttotal Status Flags
r-devel-linux-x86_64-debian-clang 0.5.2 2.98 38.24 41.22 NOTE
r-devel-linux-x86_64-debian-gcc 0.5.2 1.92 27.73 29.65 NOTE
r-devel-linux-x86_64-fedora-clang 0.5.2 61.66 OK
r-devel-linux-x86_64-fedora-gcc 0.5.2 57.65 OK
r-devel-windows-x86_64 0.5.2 4.00 56.00 60.00 OK
r-patched-linux-x86_64 0.5.2 3.11 34.14 37.25 OK
r-release-linux-x86_64 0.5.2 2.47 33.75 36.22 OK
r-release-macos-arm64 0.5.2 22.00 OK
r-release-macos-x86_64 0.5.2 39.00 OK
r-release-windows-x86_64 0.5.2 5.00 56.00 61.00 OK
r-oldrel-macos-arm64 0.5.2 20.00 OK
r-oldrel-macos-x86_64 0.5.2 38.00 OK
r-oldrel-windows-x86_64 0.5.2 5.00 68.00 73.00 OK

Check Details

Version: 0.5.2
Check: CRAN incoming feasibility
Result: NOTE Maintainer: ‘Daijiang Li <daijianglee@gmail.com>’ No Authors@R field in DESCRIPTION. Please add one, modifying Authors@R: person(given = "Daijiang", family = "Li", role = c("aut", "cre"), email = "daijianglee@gmail.com") as necessary. Flavors: r-devel-linux-x86_64-debian-clang, r-devel-linux-x86_64-debian-gcc