Last updated on 2025-07-19 04:49:24 CEST.
Flavor | Version | Tinstall | Tcheck | Ttotal | Status | Flags |
---|---|---|---|---|---|---|
r-devel-linux-x86_64-debian-clang | 2.1.1 | 129.00 | 432.25 | 561.25 | OK | |
r-devel-linux-x86_64-debian-gcc | 2.1.1 | 88.85 | 227.11 | 315.96 | OK | |
r-devel-linux-x86_64-fedora-clang | 2.1.1 | 908.17 | OK | |||
r-devel-linux-x86_64-fedora-gcc | 2.1.1 | 935.77 | OK | |||
r-devel-windows-x86_64 | 2.1.1 | 126.00 | 327.00 | 453.00 | OK | |
r-patched-linux-x86_64 | 2.1.1 | 125.54 | 426.76 | 552.30 | OK | |
r-release-linux-x86_64 | 2.1.1 | 127.73 | 427.42 | 555.15 | OK | |
r-release-macos-arm64 | 2.1.1 | 263.00 | OK | |||
r-release-macos-x86_64 | 2.1.1 | 532.00 | OK | |||
r-release-windows-x86_64 | 2.1.1 | 111.00 | 324.00 | 435.00 | OK | |
r-oldrel-macos-arm64 | 2.1.1 | 251.00 | NOTE | |||
r-oldrel-macos-x86_64 | 2.1.1 | 422.00 | NOTE | |||
r-oldrel-windows-x86_64 | 2.1.1 | 148.00 | 578.00 | 726.00 | OK |
Version: 2.1.1
Check: installed package size
Result: NOTE
installed size is 11.5Mb
sub-directories of 1Mb or more:
libs 10.6Mb
Flavors: r-oldrel-macos-arm64, r-oldrel-macos-x86_64