Last updated on 2025-07-17 04:54:41 CEST.
Flavor | Version | Tinstall | Tcheck | Ttotal | Status | Flags |
---|---|---|---|---|---|---|
r-devel-linux-x86_64-debian-clang | 1.2.1 | 681.98 | 365.48 | 1047.46 | OK | |
r-devel-linux-x86_64-debian-gcc | 1.2.1 | 633.75 | 390.43 | 1024.18 | OK | |
r-devel-linux-x86_64-fedora-clang | 1.2.1 | 1606.48 | OK | |||
r-devel-linux-x86_64-fedora-gcc | 1.2.1 | 2168.95 | OK | |||
r-devel-windows-x86_64 | 1.2.1 | 695.00 | 485.00 | 1180.00 | OK | |
r-patched-linux-x86_64 | 1.2.1 | 855.91 | 452.15 | 1308.06 | OK | |
r-release-linux-x86_64 | 1.2.1 | 820.85 | 484.57 | 1305.42 | OK | |
r-release-macos-arm64 | 1.2.1 | 277.00 | OK | |||
r-release-macos-x86_64 | 1.2.1 | 385.00 | OK | |||
r-release-windows-x86_64 | 1.2.1 | 772.00 | 521.00 | 1293.00 | OK | |
r-oldrel-macos-arm64 | 1.2.1 | 299.00 | NOTE | |||
r-oldrel-macos-x86_64 | 1.2.1 | 383.00 | NOTE | |||
r-oldrel-windows-x86_64 | 1.2.1 | 866.00 | 669.00 | 1535.00 | NOTE |
Version: 1.2.1
Check: installed package size
Result: NOTE
installed size is 113.0Mb
sub-directories of 1Mb or more:
article 3.0Mb
doc 1.1Mb
libs 108.3Mb
Flavors: r-oldrel-macos-arm64, r-oldrel-macos-x86_64, r-oldrel-windows-x86_64
Version: 1.2.1
Check: for GNU extensions in Makefiles
Result: NOTE
GNU make is a SystemRequirements.
Flavors: r-oldrel-macos-arm64, r-oldrel-macos-x86_64, r-oldrel-windows-x86_64