CRAN Package Check Results for Package hypothesis

Last updated on 2025-07-17 04:54:41 CEST.

Flavor Version Tinstall Tcheck Ttotal Status Flags
r-devel-linux-x86_64-debian-clang 1.1.0 1.78 25.75 27.53 NOTE
r-devel-linux-x86_64-debian-gcc 1.1.0 1.52 22.08 23.60 NOTE
r-devel-linux-x86_64-fedora-clang 1.1.0 41.00 NOTE
r-devel-linux-x86_64-fedora-gcc 1.1.0 50.98 NOTE
r-devel-windows-x86_64 1.1.0 4.00 47.00 51.00 NOTE
r-patched-linux-x86_64 1.1.0 2.01 23.53 25.54 NOTE
r-release-linux-x86_64 1.1.0 1.92 23.26 25.18 NOTE
r-release-macos-arm64 1.1.0 36.00 NOTE
r-release-macos-x86_64 1.1.0 41.00 NOTE
r-release-windows-x86_64 1.1.0 4.00 46.00 50.00 NOTE
r-oldrel-macos-arm64 1.1.0 24.00 OK
r-oldrel-macos-x86_64 1.1.0 34.00 OK
r-oldrel-windows-x86_64 1.1.0 4.00 52.00 56.00 OK

Check Details

Version: 1.1.0
Check: DESCRIPTION meta-information
Result: NOTE Missing dependency on R >= 4.1.0 because package code uses the pipe |> or function shorthand \(...) syntax added in R 4.1.0. File(s) using such syntax: ‘hypothesis-api.R’ Flavors: r-devel-linux-x86_64-debian-clang, r-devel-linux-x86_64-debian-gcc, r-devel-linux-x86_64-fedora-clang, r-devel-linux-x86_64-fedora-gcc, r-devel-windows-x86_64, r-patched-linux-x86_64, r-release-linux-x86_64, r-release-macos-arm64, r-release-macos-x86_64, r-release-windows-x86_64