Last updated on 2025-05-23 04:51:10 CEST.
Flavor | Version | Tinstall | Tcheck | Ttotal | Status | Flags |
---|---|---|---|---|---|---|
r-devel-linux-x86_64-debian-clang | 1.3.0 | 148.68 | 64.71 | 213.39 | OK | |
r-devel-linux-x86_64-debian-gcc | 1.3.0 | 102.72 | 45.59 | 148.31 | OK | |
r-devel-linux-x86_64-fedora-clang | 1.3.0 | 418.83 | OK | |||
r-devel-linux-x86_64-fedora-gcc | 1.3.0 | 409.18 | OK | |||
r-devel-windows-x86_64 | 1.3.0 | 163.00 | 122.00 | 285.00 | OK | |
r-patched-linux-x86_64 | 1.3.0 | 138.49 | 60.55 | 199.04 | OK | |
r-release-linux-x86_64 | 1.3.0 | 141.31 | 60.96 | 202.27 | OK | |
r-release-macos-arm64 | 1.3.0 | 92.00 | OK | |||
r-release-macos-x86_64 | 1.3.0 | 99.00 | OK | |||
r-release-windows-x86_64 | 1.3.0 | 162.00 | 108.00 | 270.00 | OK | |
r-oldrel-macos-arm64 | 1.3.0 | 80.00 | NOTE | |||
r-oldrel-macos-x86_64 | 1.3.0 | 93.00 | NOTE | |||
r-oldrel-windows-x86_64 | 1.3.0 | 187.00 | 128.00 | 315.00 | OK |
Version: 1.3.0
Check: installed package size
Result: NOTE
installed size is 7.4Mb
sub-directories of 1Mb or more:
libs 7.0Mb
Flavors: r-oldrel-macos-arm64, r-oldrel-macos-x86_64