CRAN Package Check Results for Package iBST

Last updated on 2025-07-17 04:54:41 CEST.

Flavor Version Tinstall Tcheck Ttotal Status Flags
r-devel-linux-x86_64-debian-clang 1.2 17.09 61.12 78.21 NOTE
r-devel-linux-x86_64-debian-gcc 1.2 14.26 46.28 60.54 NOTE
r-devel-linux-x86_64-fedora-clang 1.2 121.54 OK
r-devel-linux-x86_64-fedora-gcc 1.2 114.27 OK
r-devel-windows-x86_64 1.2 22.00 91.00 113.00 OK
r-patched-linux-x86_64 1.2 17.84 57.05 74.89 OK
r-release-linux-x86_64 1.2 18.33 56.37 74.70 OK
r-release-macos-arm64 1.2 37.00 OK
r-release-macos-x86_64 1.2 56.00 OK
r-release-windows-x86_64 1.2 23.00 91.00 114.00 OK
r-oldrel-macos-arm64 1.2 37.00 OK
r-oldrel-macos-x86_64 1.2 56.00 OK
r-oldrel-windows-x86_64 1.2 27.00 122.00 149.00 OK

Check Details

Version: 1.2
Check: CRAN incoming feasibility
Result: NOTE Maintainer: ‘Cyprien Mbogning <cyprien.mbogning@gmail.com>’ No Authors@R field in DESCRIPTION. Please add one, modifying Authors@R: c(person(given = "Cyprien", family = "Mbogning", role = c("aut", "cre"), email = "cyprien.mbogning@gmail.com"), person(given = "Philippe", family = "Broet", role = "aut")) as necessary. Flavors: r-devel-linux-x86_64-debian-clang, r-devel-linux-x86_64-debian-gcc