Last updated on 2025-05-22 04:50:01 CEST.
Flavor | Version | Tinstall | Tcheck | Ttotal | Status | Flags |
---|---|---|---|---|---|---|
r-devel-linux-x86_64-debian-clang | 0.1.4 | 72.18 | 148.61 | 220.79 | OK | |
r-devel-linux-x86_64-debian-gcc | 0.1.4 | 43.59 | 104.32 | 147.91 | OK | |
r-devel-linux-x86_64-fedora-clang | 0.1.4 | 339.05 | OK | |||
r-devel-linux-x86_64-fedora-gcc | 0.1.4 | 336.10 | OK | |||
r-devel-windows-x86_64 | 0.1.4 | 65.00 | 146.00 | 211.00 | OK | |
r-patched-linux-x86_64 | 0.1.4 | 57.69 | 135.11 | 192.80 | OK | |
r-release-linux-x86_64 | 0.1.4 | 59.52 | 128.35 | 187.87 | OK | |
r-release-macos-arm64 | 0.1.4 | 135.00 | OK | |||
r-release-macos-x86_64 | 0.1.4 | 173.00 | OK | |||
r-release-windows-x86_64 | 0.1.4 | 68.00 | 147.00 | 215.00 | OK | |
r-oldrel-macos-arm64 | 0.1.4 | 99.00 | NOTE | |||
r-oldrel-macos-x86_64 | 0.1.4 | 195.00 | NOTE | |||
r-oldrel-windows-x86_64 | 0.1.4 | 77.00 | 182.00 | 259.00 | OK |
Version: 0.1.4
Check: installed package size
Result: NOTE
installed size is 9.1Mb
sub-directories of 1Mb or more:
data 3.0Mb
libs 5.5Mb
Flavors: r-oldrel-macos-arm64, r-oldrel-macos-x86_64