Last updated on 2025-05-23 04:51:11 CEST.
Flavor | Version | Tinstall | Tcheck | Ttotal | Status | Flags |
---|---|---|---|---|---|---|
r-devel-linux-x86_64-debian-clang | 2.0.0 | 8.55 | 125.20 | 133.75 | NOTE | |
r-devel-linux-x86_64-debian-gcc | 2.0.0 | 5.91 | 87.63 | 93.54 | NOTE | |
r-devel-linux-x86_64-fedora-clang | 2.0.0 | 208.10 | NOTE | |||
r-devel-linux-x86_64-fedora-gcc | 2.0.0 | 198.09 | NOTE | |||
r-devel-windows-x86_64 | 2.0.0 | 12.00 | 124.00 | 136.00 | NOTE | |
r-patched-linux-x86_64 | 2.0.0 | 8.16 | 116.91 | 125.07 | NOTE | |
r-release-linux-x86_64 | 2.0.0 | 7.83 | 117.16 | 124.99 | NOTE | |
r-release-macos-arm64 | 2.0.0 | 55.00 | NOTE | |||
r-release-macos-x86_64 | 2.0.0 | 113.00 | NOTE | |||
r-release-windows-x86_64 | 2.0.0 | 11.00 | 124.00 | 135.00 | NOTE | |
r-oldrel-macos-arm64 | 2.0.0 | 60.00 | OK | |||
r-oldrel-macos-x86_64 | 2.0.0 | 84.00 | OK | |||
r-oldrel-windows-x86_64 | 2.0.0 | 13.00 | 160.00 | 173.00 | OK |
Version: 2.0.0
Check: DESCRIPTION meta-information
Result: NOTE
Missing dependency on R >= 4.1.0 because package code uses the pipe
|> or function shorthand \(...) syntax added in R 4.1.0.
File(s) using such syntax:
‘decomposition.R’ ‘feat.R’ ‘forecastplot.R’ ‘iNZightTS.R’ ‘rawplot.R’
‘seasonplot.R’
Flavors: r-devel-linux-x86_64-debian-clang, r-devel-linux-x86_64-debian-gcc, r-devel-linux-x86_64-fedora-clang, r-devel-linux-x86_64-fedora-gcc, r-devel-windows-x86_64, r-patched-linux-x86_64, r-release-linux-x86_64, r-release-macos-arm64, r-release-macos-x86_64, r-release-windows-x86_64