Last updated on 2025-05-23 04:51:11 CEST.
Flavor | Version | Tinstall | Tcheck | Ttotal | Status | Flags |
---|---|---|---|---|---|---|
r-devel-linux-x86_64-debian-clang | 1.1 | 2.80 | 30.46 | 33.26 | NOTE | |
r-devel-linux-x86_64-debian-gcc | 1.1 | 1.94 | 24.81 | 26.75 | NOTE | |
r-devel-linux-x86_64-fedora-clang | 1.1 | 50.59 | OK | |||
r-devel-linux-x86_64-fedora-gcc | 1.1 | 63.81 | OK | |||
r-devel-windows-x86_64 | 1.1 | 3.00 | 122.00 | 125.00 | OK | |
r-patched-linux-x86_64 | 1.1 | 2.53 | 29.69 | 32.22 | OK | |
r-release-linux-x86_64 | 1.1 | 2.41 | 29.28 | 31.69 | OK | |
r-release-macos-arm64 | 1.1 | 24.00 | OK | |||
r-release-macos-x86_64 | 1.1 | 43.00 | OK | |||
r-release-windows-x86_64 | 1.1 | 4.00 | 100.00 | 104.00 | OK | |
r-oldrel-macos-arm64 | 1.1 | 24.00 | OK | |||
r-oldrel-macos-x86_64 | 1.1 | 36.00 | OK | |||
r-oldrel-windows-x86_64 | 1.1 | 4.00 | 67.00 | 71.00 | OK |
Version: 1.1
Check: CRAN incoming feasibility
Result: NOTE
Maintainer: ‘Zhiqiang Tan <ztan@stat.rutgers.edu>’
No Authors@R field in DESCRIPTION.
Please add one, modifying
Authors@R: c(person(given = "Zhiqiang",
family = "Tan",
role = c("aut", "cre"),
email = "ztan@stat.rutgers.edu"),
person(given = "Heng",
family = "Shu",
role = "aut"))
as necessary.
Package CITATION file contains call(s) to old-style personList() or
as.personList(). Please use c() on person objects instead.
Package CITATION file contains call(s) to old-style citEntry(). Please
use bibentry() instead.
Flavors: r-devel-linux-x86_64-debian-clang, r-devel-linux-x86_64-debian-gcc