CRAN Package Check Results for Package ibs

Last updated on 2025-07-21 04:49:48 CEST.

Flavor Version Tinstall Tcheck Ttotal Status Flags
r-devel-linux-x86_64-debian-clang 1.4 9.88 22.30 32.18 NOTE
r-devel-linux-x86_64-debian-gcc 1.4 7.23 18.53 25.76 NOTE
r-devel-linux-x86_64-fedora-clang 1.4 53.69 OK
r-devel-linux-x86_64-fedora-gcc 1.4 48.09 OK
r-devel-windows-x86_64 1.4 14.00 55.00 69.00 OK
r-patched-linux-x86_64 1.4 10.65 21.86 32.51 OK
r-release-linux-x86_64 1.4 10.23 21.06 31.29 OK
r-release-macos-arm64 1.4 20.00 OK
r-release-macos-x86_64 1.4 33.00 OK
r-release-windows-x86_64 1.4 14.00 62.00 76.00 OK
r-oldrel-macos-arm64 1.4 19.00 OK
r-oldrel-macos-x86_64 1.4 28.00 OK
r-oldrel-windows-x86_64 1.4 13.00 71.00 84.00 OK

Check Details

Version: 1.4
Check: CRAN incoming feasibility
Result: NOTE Maintainer: ‘Feng Chen <feng.chen@unsw.edu.au>’ No Authors@R field in DESCRIPTION. Please add one, modifying Authors@R: person(given = "Feng", family = "Chen", role = c("aut", "cre"), email = "feng.chen@unsw.edu.au") as necessary. Flavors: r-devel-linux-x86_64-debian-clang, r-devel-linux-x86_64-debian-gcc