Last updated on 2025-05-23 04:51:10 CEST.
Flavor | Version | Tinstall | Tcheck | Ttotal | Status | Flags |
---|---|---|---|---|---|---|
r-devel-linux-x86_64-debian-clang | 1.0.1 | 1.63 | 86.95 | 88.58 | NOTE | |
r-devel-linux-x86_64-debian-gcc | 1.0.1 | 1.39 | 65.45 | 66.84 | NOTE | |
r-devel-linux-x86_64-fedora-clang | 1.0.1 | 141.36 | OK | |||
r-devel-linux-x86_64-fedora-gcc | 1.0.1 | 150.32 | OK | |||
r-devel-windows-x86_64 | 1.0.1 | 4.00 | 230.00 | 234.00 | OK | |
r-patched-linux-x86_64 | 1.0.1 | 1.89 | 83.40 | 85.29 | OK | |
r-release-linux-x86_64 | 1.0.1 | 1.76 | 83.29 | 85.05 | OK | |
r-release-macos-arm64 | 1.0.1 | 53.00 | OK | |||
r-release-macos-x86_64 | 1.0.1 | 102.00 | OK | |||
r-release-windows-x86_64 | 1.0.1 | 3.00 | 224.00 | 227.00 | OK | |
r-oldrel-macos-arm64 | 1.0.1 | 52.00 | OK | |||
r-oldrel-macos-x86_64 | 1.0.1 | 116.00 | OK | |||
r-oldrel-windows-x86_64 | 1.0.1 | 3.00 | 168.00 | 171.00 | OK |
Version: 1.0.1
Check: CRAN incoming feasibility
Result: NOTE
Maintainer: ‘Irucka Embry <iembry@ecoccs.com>’
No Authors@R field in DESCRIPTION.
Please add one, modifying
Authors@R: person(given = "Irucka",
family = "Embry",
role = c("aut", "cre"),
email = "iembry@ecoccs.com")
as necessary.
Flavors: r-devel-linux-x86_64-debian-clang, r-devel-linux-x86_64-debian-gcc