Last updated on 2025-05-23 04:51:11 CEST.
Flavor | Version | Tinstall | Tcheck | Ttotal | Status | Flags |
---|---|---|---|---|---|---|
r-devel-linux-x86_64-debian-clang | 0.9.7 | 12.29 | 122.80 | 135.09 | OK | |
r-devel-linux-x86_64-debian-gcc | 0.9.7 | 8.84 | 90.05 | 98.89 | OK | |
r-devel-linux-x86_64-fedora-clang | 0.9.7 | ERROR | ||||
r-devel-linux-x86_64-fedora-gcc | 0.9.7 | 224.26 | OK | |||
r-devel-windows-x86_64 | 0.9.7 | 14.00 | 129.00 | 143.00 | OK | |
r-patched-linux-x86_64 | 0.9.7 | 12.03 | 114.83 | 126.86 | OK | |
r-release-linux-x86_64 | 0.9.7 | 12.76 | 117.15 | 129.91 | OK | |
r-release-macos-arm64 | 0.9.7 | 61.00 | OK | |||
r-release-macos-x86_64 | 0.9.7 | 119.00 | OK | |||
r-release-windows-x86_64 | 0.9.7 | 16.00 | 129.00 | 145.00 | OK | |
r-oldrel-macos-arm64 | 0.9.7 | 64.00 | OK | |||
r-oldrel-macos-x86_64 | 0.9.7 | 96.00 | OK | |||
r-oldrel-windows-x86_64 | 0.9.7 | 18.00 | 158.00 | 176.00 | OK |
Version: 0.9.7
Check: whether package can be installed
Result: ERROR
Installation failed.
Flavor: r-devel-linux-x86_64-fedora-clang