CRAN Package Check Results for Package image.Otsu

Last updated on 2025-05-23 04:51:11 CEST.

Flavor Version Tinstall Tcheck Ttotal Status Flags
r-devel-linux-x86_64-debian-clang 0.1 9.39 23.93 33.32 NOTE
r-devel-linux-x86_64-debian-gcc 0.1 6.51 18.84 25.35 NOTE
r-devel-linux-x86_64-fedora-clang 0.1 56.08 NOTE
r-devel-linux-x86_64-fedora-gcc 0.1 52.80 NOTE
r-devel-windows-x86_64 0.1 13.00 102.00 115.00 NOTE
r-patched-linux-x86_64 0.1 8.51 22.48 30.99 NOTE
r-release-linux-x86_64 0.1 8.85 22.67 31.52 NOTE
r-release-macos-arm64 0.1 21.00 NOTE
r-release-macos-x86_64 0.1 37.00 NOTE
r-release-windows-x86_64 0.1 12.00 93.00 105.00 NOTE
r-oldrel-macos-arm64 0.1 20.00 NOTE
r-oldrel-macos-x86_64 0.1 31.00 NOTE
r-oldrel-windows-x86_64 0.1 12.00 73.00 85.00 NOTE

Check Details

Version: 0.1
Check: CRAN incoming feasibility
Result: NOTE Maintainer: ‘Jan Wijffels <jwijffels@bnosac.be>’ Found the following URLs which should use \doi (with the DOI name only): File ‘image_otsu.Rd’: https://doi.org/10.5201/ipol.2016.158 Flavors: r-devel-linux-x86_64-debian-clang, r-devel-linux-x86_64-debian-gcc

Version: 0.1
Check: C++ specification
Result: NOTE Specified C++11: please drop specification unless essential Flavors: r-devel-linux-x86_64-debian-clang, r-devel-linux-x86_64-debian-gcc, r-devel-linux-x86_64-fedora-clang, r-devel-linux-x86_64-fedora-gcc, r-devel-windows-x86_64, r-patched-linux-x86_64, r-release-linux-x86_64, r-release-macos-arm64, r-release-macos-x86_64, r-release-windows-x86_64, r-oldrel-macos-arm64, r-oldrel-macos-x86_64, r-oldrel-windows-x86_64