Last updated on 2025-07-17 04:54:42 CEST.
Flavor | Version | Tinstall | Tcheck | Ttotal | Status | Flags |
---|---|---|---|---|---|---|
r-devel-linux-x86_64-debian-clang | 3.3 | 23.01 | 156.80 | 179.81 | NOTE | |
r-devel-linux-x86_64-debian-gcc | 3.3 | 18.13 | 112.96 | 131.09 | NOTE | |
r-devel-linux-x86_64-fedora-clang | 3.3 | 314.70 | OK | |||
r-devel-linux-x86_64-fedora-gcc | 3.3 | 315.52 | OK | |||
r-devel-windows-x86_64 | 3.3 | 30.00 | 197.00 | 227.00 | OK | |
r-patched-linux-x86_64 | 3.3 | 24.34 | 151.83 | 176.17 | OK | |
r-release-linux-x86_64 | 3.3 | 23.46 | 151.48 | 174.94 | OK | |
r-release-macos-arm64 | 3.3 | 135.00 | OK | |||
r-release-macos-x86_64 | 3.3 | 166.00 | OK | |||
r-release-windows-x86_64 | 3.3 | 33.00 | 197.00 | 230.00 | OK | |
r-oldrel-macos-arm64 | 3.3 | 87.00 | OK | |||
r-oldrel-macos-x86_64 | 3.3 | 125.00 | OK | |||
r-oldrel-windows-x86_64 | 3.3 | 38.00 | 248.00 | 286.00 | OK |
Version: 3.3
Check: CRAN incoming feasibility
Result: NOTE
Maintainer: ‘Steffen Moritz <steffen.moritz10@gmail.com>’
Package CITATION file contains call(s) to old-style personList() or
as.personList(). Please use c() on person objects instead.
Flavors: r-devel-linux-x86_64-debian-clang, r-devel-linux-x86_64-debian-gcc