Last updated on 2025-05-23 04:51:11 CEST.
Flavor | Version | Tinstall | Tcheck | Ttotal | Status | Flags |
---|---|---|---|---|---|---|
r-devel-linux-x86_64-debian-clang | 1.0.10 | 17.72 | 90.55 | 108.27 | NOTE | |
r-devel-linux-x86_64-debian-gcc | 1.0.10 | 13.27 | 63.25 | 76.52 | NOTE | |
r-devel-linux-x86_64-fedora-clang | 1.0.10 | 173.08 | OK | |||
r-devel-linux-x86_64-fedora-gcc | 1.0.10 | 168.39 | OK | |||
r-devel-windows-x86_64 | 1.0.10 | 23.00 | 156.00 | 179.00 | OK | |
r-patched-linux-x86_64 | 1.0.10 | 18.26 | 88.68 | 106.94 | OK | |
r-release-linux-x86_64 | 1.0.10 | 17.93 | 87.71 | 105.64 | OK | |
r-release-macos-arm64 | 1.0.10 | 47.00 | OK | |||
r-release-macos-x86_64 | 1.0.10 | 78.00 | OK | |||
r-release-windows-x86_64 | 1.0.10 | 23.00 | 146.00 | 169.00 | OK | |
r-oldrel-macos-arm64 | 1.0.10 | 43.00 | OK | |||
r-oldrel-macos-x86_64 | 1.0.10 | 67.00 | OK | |||
r-oldrel-windows-x86_64 | 1.0.10 | 29.00 | 139.00 | 168.00 | OK |
Version: 1.0.10
Check: CRAN incoming feasibility
Result: NOTE
Maintainer: ‘Utkarsh J. Dang <utkarshdang@cunet.carleton.ca>’
No Authors@R field in DESCRIPTION.
Please add one, modifying
Authors@R: c(person(given = c("Utkarsh", "J."),
family = "Dang",
role = c("aut", "cre"),
email = "utkarshdang@cunet.carleton.ca"),
person(given = c("G.", "Brian"),
family = "Golding",
role = "aut"))
as necessary.
Flavors: r-devel-linux-x86_64-debian-clang, r-devel-linux-x86_64-debian-gcc