Last updated on 2025-05-23 04:51:11 CEST.
Flavor | Version | Tinstall | Tcheck | Ttotal | Status | Flags |
---|---|---|---|---|---|---|
r-devel-linux-x86_64-debian-clang | 1.2.7 | 54.40 | 252.51 | 306.91 | OK | |
r-devel-linux-x86_64-debian-gcc | 1.2.7 | 35.68 | 155.27 | 190.95 | OK | |
r-devel-linux-x86_64-fedora-clang | 1.2.7 | 484.35 | OK | |||
r-devel-linux-x86_64-fedora-gcc | 1.2.7 | 485.90 | OK | |||
r-devel-windows-x86_64 | 1.2.7 | 52.00 | 239.00 | 291.00 | OK | |
r-patched-linux-x86_64 | 1.2.7 | 53.23 | 237.92 | 291.15 | OK | |
r-release-linux-x86_64 | 1.2.7 | 51.52 | 237.13 | 288.65 | OK | |
r-release-macos-arm64 | 1.2.7 | 147.00 | OK | |||
r-release-macos-x86_64 | 1.2.7 | 308.00 | OK | |||
r-release-windows-x86_64 | 1.2.7 | 51.00 | 238.00 | 289.00 | OK | |
r-oldrel-macos-arm64 | 1.2.7 | 141.00 | NOTE | |||
r-oldrel-macos-x86_64 | 1.2.7 | 248.00 | NOTE | |||
r-oldrel-windows-x86_64 | 1.2.7 | 68.00 | 308.00 | 376.00 | NOTE |
Version: 1.2.7
Check: installed package size
Result: NOTE
installed size is 6.3Mb
sub-directories of 1Mb or more:
data 5.8Mb
Flavors: r-oldrel-macos-arm64, r-oldrel-macos-x86_64, r-oldrel-windows-x86_64