Last updated on 2025-05-23 04:51:11 CEST.
Flavor | Version | Tinstall | Tcheck | Ttotal | Status | Flags |
---|---|---|---|---|---|---|
r-devel-linux-x86_64-debian-clang | 2.1.1 | 40.55 | 343.31 | 383.86 | OK | |
r-devel-linux-x86_64-debian-gcc | 2.1.1 | 27.38 | 224.11 | 251.49 | OK | |
r-devel-linux-x86_64-fedora-clang | 2.1.1 | 640.66 | OK | |||
r-devel-linux-x86_64-fedora-gcc | 2.1.1 | 613.24 | OK | |||
r-devel-windows-x86_64 | 2.1.1 | 38.00 | 258.00 | 296.00 | OK | |
r-patched-linux-x86_64 | 2.1.1 | 40.10 | 320.93 | 361.03 | OK | |
r-release-linux-x86_64 | 2.1.1 | 36.33 | 319.30 | 355.63 | OK | |
r-release-macos-arm64 | 2.1.1 | 137.00 | OK | |||
r-release-macos-x86_64 | 2.1.1 | 328.00 | OK | |||
r-release-windows-x86_64 | 2.1.1 | 39.00 | 257.00 | 296.00 | OK | |
r-oldrel-macos-arm64 | 2.1.1 | 154.00 | NOTE | |||
r-oldrel-macos-x86_64 | 2.1.1 | 210.00 | NOTE | |||
r-oldrel-windows-x86_64 | 2.1.1 | 54.00 | 351.00 | 405.00 | OK |
Version: 2.1.1
Check: package dependencies
Result: NOTE
Package suggested but not available for checking: ‘INLA’
Flavors: r-oldrel-macos-arm64, r-oldrel-macos-x86_64
Version: 2.1.1
Check: Rd cross-references
Result: NOTE
Package unavailable to check Rd xrefs: ‘INLA’
Flavors: r-oldrel-macos-arm64, r-oldrel-macos-x86_64