Last updated on 2025-10-31 03:50:09 CET.
| Flavor | Version | Tinstall | Tcheck | Ttotal | Status | Flags | 
|---|---|---|---|---|---|---|
| r-devel-linux-x86_64-debian-clang | 1.1-8 | 6.66 | 52.98 | 59.64 | NOTE | |
| r-devel-linux-x86_64-debian-gcc | 1.1-8 | 4.73 | 40.43 | 45.16 | NOTE | |
| r-devel-linux-x86_64-fedora-clang | 1.1-8 | 26.00 | 67.76 | 93.76 | OK | |
| r-devel-linux-x86_64-fedora-gcc | 1.1-8 | 16.00 | 68.64 | 84.64 | OK | |
| r-devel-windows-x86_64 | 1.1-8 | 7.00 | 68.00 | 75.00 | OK | |
| r-patched-linux-x86_64 | 1.1-8 | 6.59 | 50.41 | 57.00 | OK | |
| r-release-linux-x86_64 | 1.1-8 | 5.81 | 50.29 | 56.10 | OK | |
| r-release-macos-arm64 | 1.1-8 | 3.00 | 19.00 | 22.00 | NOTE | --install=fake | 
| r-release-macos-x86_64 | 1.1-8 | 5.00 | 35.00 | 40.00 | NOTE | --install=fake | 
| r-release-windows-x86_64 | 1.1-8 | 10.00 | 71.00 | 81.00 | OK | |
| r-oldrel-macos-arm64 | 1.1-8 | 3.00 | 18.00 | 21.00 | NOTE | --install=fake | 
| r-oldrel-macos-x86_64 | 1.1-8 | 4.00 | 30.00 | 34.00 | NOTE | --install=fake | 
| r-oldrel-windows-x86_64 | 1.1-8 | 8.00 | 80.00 | 88.00 | OK | 
Version: 1.1-8
Check: CRAN incoming feasibility
Result: NOTE
  Maintainer: ‘Simon Urbanek <simon.urbanek@r-project.org>’
  
  No Authors@R field in DESCRIPTION.
  Please add one, modifying
    Authors@R: c(person(given = "Simon",
                        family = "Urbanek",
                        role = c("aut", "cre"),
                        email = "simon.urbanek@r-project.org"),
                 person(given = "Tobias",
                        family = "Wichtrey",
                        role = "aut",
                        email = "tobias@tarphos.de"))
  as necessary.
Flavors: r-devel-linux-x86_64-debian-clang, r-devel-linux-x86_64-debian-gcc
Version: 1.1-8
Flags: --install=fake
Check: R code for possible problems
Result: NOTE
  .get.plot.obj: no visible binding for global variable ‘.iplots’
  .iDebug: no visible binding for global variable ‘.iplots.fw’
  .iobj.color: no visible binding for global variable ‘.iplot.current’
  .iobj.opt: no visible binding for global variable ‘.iplot.current’
  .iplot.get.by.pm: no visible binding for global variable ‘.iplots’
  .iplot.getPar: no visible binding for global variable ‘.iplot.current’
  .iplot.iBar: no visible binding for global variable ‘.iplots.fw’
  .iplot.iBox: no visible binding for global variable ‘.iplots.fw’
  .iplot.iHammock: no visible binding for global variable ‘.iplots.fw’
  .iplot.iHist: no visible binding for global variable ‘.iplots.fw’
  .iplot.iMap: no visible binding for global variable ‘.iplots.fw’
  .iplot.iMosaic: no visible binding for global variable ‘.iplots.fw’
  .iplot.iPCP: no visible binding for global variable ‘.iplots.fw’
  .iplot.iPlot: no visible binding for global variable ‘.iplots.fw’
  .iplot.new: no visible binding for '<<-' assignment to ‘.iplots’
  .iplot.new: no visible binding for global variable ‘.iplots’
  .iplot.new: no visible binding for '<<-' assignment to ‘.iplot.current’
  .iplot.new: no visible binding for '<<-' assignment to ‘.iplot.curid’
  .iplot.opt: no visible binding for global variable ‘.iplots.fw’
  .iplot.opt: no visible binding for global variable ‘.iplots’
  .iset.save: no visible binding for '<<-' assignment to ‘.isets’
  .iset.save: no visible binding for global variable ‘.isets’
  .iset.save: no visible binding for global variable ‘.iplots’
  .iset.save: no visible binding for global variable ‘.iplot.curid’
  .iset.save: no visible binding for global variable ‘.iplot.current’
  .ivar.check.length: no visible binding for global variable ‘.iplots.fw’
  ievent.wait: no visible binding for global variable ‘.restricted.el’
  ievent.wait: no visible binding for global variable ‘.iplots.fw’
  iplot.backend: no visible binding for global variable ‘.iplots.fw’
  iplot.cur: no visible binding for global variable ‘.iplot.curid’
  iplot.data: no visible binding for global variable ‘.iplot.current’
  iplot.data: no visible binding for global variable ‘.iplots.fw’
  iplot.list: no visible binding for global variable ‘.iplots’
  iplot.location: no visible binding for global variable ‘.iplots’
  iplot.next: no visible binding for global variable ‘.iplots’
  iplot.off: no visible binding for global variable ‘.iplots’
  iplot.off: no visible binding for '<<-' assignment to ‘.iplots’
  iplot.off: no visible binding for '<<-' assignment to ‘.iplot.current’
  iplot.off: no visible binding for '<<-' assignment to ‘.iplot.curid’
  iplot.opt: no visible binding for global variable ‘.iplots’
  iplot.prev: no visible binding for global variable ‘.iplots’
  iplot.resetZoom: no visible binding for global variable
    ‘.iplot.current’
  iplot.rotate: no visible binding for global variable ‘.iplot.current’
  iplot.set: no visible binding for global variable ‘.iplots’
  iplot.set: no visible binding for '<<-' assignment to ‘.iplot.current’
  iplot.set: no visible binding for '<<-' assignment to ‘.iplot.curid’
  iplot.setExtendedQuery: no visible binding for global variable
    ‘.iplot.curid’
  iplot.setExtendedQuery: no visible binding for global variable
    ‘.iplots.fw’
  iplot.size: no visible binding for global variable ‘.iplots’
  iplot.zoomIn: no visible binding for global variable ‘.iplot.current’
  iplot.zoomOut: no visible binding for global variable ‘.iplot.current’
  iset: no visible binding for global variable ‘.iplots.fw’
  iset.brush: no visible binding for global variable ‘.iplots.fw’
  iset.brush: no visible binding for global variable ‘.iplot.current’
  iset.cur: no visible binding for global variable ‘.iplots.fw’
  iset.list: no visible binding for global variable ‘.iplots.fw’
  iset.new: no visible binding for global variable ‘.iplots.fw’
  iset.new: no visible binding for '<<-' assignment to ‘.iplots’
  iset.new: no visible binding for '<<-' assignment to ‘.iplot.current’
  iset.new: no visible binding for '<<-' assignment to ‘.iplot.curid’
  iset.next: no visible binding for global variable ‘.iplots.fw’
  iset.prev: no visible binding for global variable ‘.iplots.fw’
  iset.rm: no visible binding for global variable ‘.iplots.fw’
  iset.rm: no visible binding for global variable ‘.isets’
  iset.rm: no visible binding for '<<-' assignment to ‘.isets’
  iset.rm: no visible binding for '<<-' assignment to ‘.iplots’
  iset.rm: no visible binding for '<<-' assignment to ‘.iplot.curid’
  iset.rm: no visible binding for '<<-' assignment to ‘.iplot.current’
  iset.sel.changed: no visible binding for global variable
    ‘.iset.selection’
  iset.sel.changed: no visible binding for '<<-' assignment to
    ‘.iset.selection’
  iset.select: no visible binding for global variable ‘.iplots.fw’
  iset.selectAll: no visible binding for global variable ‘.iplots.fw’
  iset.selectNone: no visible binding for global variable ‘.iplots.fw’
  iset.selected: no visible binding for global variable ‘.iplots.fw’
  iset.set: no visible binding for global variable ‘.iplots.fw’
  iset.set: no visible binding for '<<-' assignment to ‘.iplots’
  iset.set: no visible binding for global variable ‘.isets’
  iset.set: no visible binding for '<<-' assignment to ‘.iplot.curid’
  iset.set: no visible binding for '<<-' assignment to ‘.iplot.current’
  iset.updateVars: no visible binding for global variable ‘.iplots.fw’
  isets: no visible binding for global variable ‘.iplots.fw’
  ivar.data: no visible binding for global variable ‘.iplots.fw’
  ivar.new: no visible binding for global variable ‘.iplots.fw’
  ivar.new.map: no visible binding for global variable ‘.iplots.fw’
  ivar.update: no visible binding for global variable ‘.iplots.fw’
  Undefined global functions or variables:
    .iplot.curid .iplot.current .iplots .iplots.fw .iset.selection .isets
    .restricted.el
Flavors: r-release-macos-arm64, r-release-macos-x86_64, r-oldrel-macos-arm64, r-oldrel-macos-x86_64