Last updated on 2025-07-17 04:54:42 CEST.
Flavor | Version | Tinstall | Tcheck | Ttotal | Status | Flags |
---|---|---|---|---|---|---|
r-devel-linux-x86_64-debian-clang | 0.7.4 | 64.74 | 90.71 | 155.45 | OK | |
r-devel-linux-x86_64-debian-gcc | 0.7.4 | 48.49 | 68.49 | 116.98 | OK | |
r-devel-linux-x86_64-fedora-clang | 0.7.4 | 258.54 | OK | |||
r-devel-linux-x86_64-fedora-gcc | 0.7.4 | 264.16 | OK | |||
r-devel-windows-x86_64 | 0.7.4 | 70.00 | 116.00 | 186.00 | OK | |
r-patched-linux-x86_64 | 0.7.4 | 66.04 | 88.77 | 154.81 | OK | |
r-release-linux-x86_64 | 0.7.4 | 62.89 | 90.42 | 153.31 | OK | |
r-release-macos-arm64 | 0.7.4 | 92.00 | OK | |||
r-release-macos-x86_64 | 0.7.4 | 103.00 | OK | |||
r-release-windows-x86_64 | 0.7.4 | 72.00 | 118.00 | 190.00 | OK | |
r-oldrel-macos-arm64 | 0.7.4 | 71.00 | NOTE | |||
r-oldrel-macos-x86_64 | 0.7.4 | 93.00 | NOTE | |||
r-oldrel-windows-x86_64 | 0.7.4 | 85.00 | 152.00 | 237.00 | OK |
Version: 0.7.4
Check: installed package size
Result: NOTE
installed size is 13.5Mb
sub-directories of 1Mb or more:
libs 12.2Mb
Flavors: r-oldrel-macos-arm64, r-oldrel-macos-x86_64