Last updated on 2025-07-17 04:54:42 CEST.
Flavor | Version | Tinstall | Tcheck | Ttotal | Status | Flags |
---|---|---|---|---|---|---|
r-devel-linux-x86_64-debian-clang | 1.0 | 6.72 | 54.94 | 61.66 | NOTE | |
r-devel-linux-x86_64-debian-gcc | 1.0 | 5.45 | 41.60 | 47.05 | NOTE | |
r-devel-linux-x86_64-fedora-clang | 1.0 | 95.19 | OK | |||
r-devel-linux-x86_64-fedora-gcc | 1.0 | 90.49 | OK | |||
r-devel-windows-x86_64 | 1.0 | 7.00 | 67.00 | 74.00 | OK | |
r-patched-linux-x86_64 | 1.0 | 7.11 | 52.01 | 59.12 | OK | |
r-release-linux-x86_64 | 1.0 | 6.82 | 51.54 | 58.36 | OK | |
r-release-macos-arm64 | 1.0 | 32.00 | OK | |||
r-release-macos-x86_64 | 1.0 | 52.00 | OK | |||
r-release-windows-x86_64 | 1.0 | 7.00 | 68.00 | 75.00 | OK | |
r-oldrel-macos-arm64 | 1.0 | 29.00 | OK | |||
r-oldrel-macos-x86_64 | 1.0 | 43.00 | OK | |||
r-oldrel-windows-x86_64 | 1.0 | 9.00 | 77.00 | 86.00 | OK |
Version: 1.0
Check: CRAN incoming feasibility
Result: NOTE
Maintainer: ‘Di Shu <shudi1991@gmail.com>’
No Authors@R field in DESCRIPTION.
Please add one, modifying
Authors@R: c(person(given = "Di",
family = "Shu",
role = c("aut", "cre"),
email = "shudi1991@gmail.com"),
person(given = "Rui",
family = "Wang",
role = "aut",
email = "rwang@hsph.harvard.edu"))
as necessary.
Flavors: r-devel-linux-x86_64-debian-clang, r-devel-linux-x86_64-debian-gcc