CRAN Package Check Results for Package juicr

Last updated on 2025-07-17 04:54:42 CEST.

Flavor Version Tinstall Tcheck Ttotal Status Flags
r-devel-linux-x86_64-debian-clang 0.1 7.42 67.02 74.44 NOTE
r-devel-linux-x86_64-debian-gcc 0.1 6.56 58.38 64.94 NOTE
r-devel-linux-x86_64-fedora-clang 0.1 112.10 NOTE
r-devel-linux-x86_64-fedora-gcc 0.1 123.30 NOTE
r-devel-windows-x86_64 0.1 8.00 69.00 77.00 NOTE
r-patched-linux-x86_64 0.1 7.57 62.17 69.74 NOTE
r-release-linux-x86_64 0.1 7.03 61.96 68.99 NOTE
r-release-macos-arm64 0.1 86.00 NOTE
r-release-macos-x86_64 0.1 90.00 NOTE
r-release-windows-x86_64 0.1 8.00 70.00 78.00 NOTE
r-oldrel-macos-arm64 0.1 58.00 NOTE
r-oldrel-macos-x86_64 0.1 78.00 NOTE
r-oldrel-windows-x86_64 0.1 10.00 79.00 89.00 NOTE

Check Details

Version: 0.1
Check: package subdirectories
Result: NOTE Problems with news in ‘NEWS.md’: Cannot extract version info from the following section titles: pre-release juicr (2017 - 2021) Flavors: r-devel-linux-x86_64-debian-clang, r-devel-linux-x86_64-debian-gcc, r-devel-linux-x86_64-fedora-clang, r-devel-linux-x86_64-fedora-gcc, r-devel-windows-x86_64, r-patched-linux-x86_64, r-release-linux-x86_64, r-release-macos-arm64, r-release-macos-x86_64, r-release-windows-x86_64, r-oldrel-macos-arm64, r-oldrel-macos-x86_64, r-oldrel-windows-x86_64