Last updated on 2025-07-17 04:54:42 CEST.
Flavor | Version | Tinstall | Tcheck | Ttotal | Status | Flags |
---|---|---|---|---|---|---|
r-devel-linux-x86_64-debian-clang | 1.2.7 | 11.25 | 187.13 | 198.38 | OK | |
r-devel-linux-x86_64-debian-gcc | 1.2.7 | 5.30 | 125.71 | 131.01 | OK | |
r-devel-linux-x86_64-fedora-clang | 1.2.7 | 292.82 | OK | |||
r-devel-linux-x86_64-fedora-gcc | 1.2.7 | 303.31 | OK | |||
r-devel-windows-x86_64 | 1.2.7 | 12.00 | 195.00 | 207.00 | OK | |
r-patched-linux-x86_64 | 1.2.7 | 10.05 | 178.81 | 188.86 | OK | |
r-release-linux-x86_64 | 1.2.7 | 9.50 | 177.02 | 186.52 | OK | |
r-release-macos-arm64 | 1.2.7 | 105.00 | OK | |||
r-release-macos-x86_64 | 1.2.7 | 193.00 | OK | |||
r-release-windows-x86_64 | 1.2.7 | 12.00 | 196.00 | 208.00 | OK | |
r-oldrel-macos-arm64 | 1.2.7 | 104.00 | NOTE | |||
r-oldrel-macos-x86_64 | 1.2.7 | 203.00 | NOTE | |||
r-oldrel-windows-x86_64 | 1.2.7 | 15.00 | 253.00 | 268.00 | NOTE |
Version: 1.2.7
Check: installed package size
Result: NOTE
installed size is 10.8Mb
sub-directories of 1Mb or more:
doc 9.9Mb
Flavors: r-oldrel-macos-arm64, r-oldrel-macos-x86_64, r-oldrel-windows-x86_64