CRAN Package Check Results for Package keys

Last updated on 2025-07-19 04:49:25 CEST.

Flavor Version Tinstall Tcheck Ttotal Status Flags
r-devel-linux-x86_64-debian-clang 0.1.1 2.45 29.03 31.48 NOTE
r-devel-linux-x86_64-debian-gcc 0.1.1 1.95 23.57 25.52 NOTE
r-devel-linux-x86_64-fedora-clang 0.1.1 45.91 NOTE
r-devel-linux-x86_64-fedora-gcc 0.1.1 58.51 NOTE
r-devel-windows-x86_64 0.1.1 4.00 50.00 54.00 NOTE
r-patched-linux-x86_64 0.1.1 2.68 26.58 29.26 NOTE
r-release-linux-x86_64 0.1.1 2.72 26.45 29.17 NOTE
r-release-macos-arm64 0.1.1 48.00 NOTE
r-release-macos-x86_64 0.1.1 62.00 NOTE
r-release-windows-x86_64 0.1.1 4.00 48.00 52.00 NOTE
r-oldrel-macos-arm64 0.1.1 25.00 NOTE
r-oldrel-macos-x86_64 0.1.1 36.00 NOTE
r-oldrel-windows-x86_64 0.1.1 5.00 55.00 60.00 NOTE

Check Details

Version: 0.1.1
Check: Rd files
Result: NOTE checkRd: (-1) useKeys.Rd:13: Lost braces; missing escapes or markup? 13 | This function adds the {keys} dependencies to your application | ^ Flavors: r-devel-linux-x86_64-debian-clang, r-devel-linux-x86_64-debian-gcc, r-devel-linux-x86_64-fedora-clang, r-devel-linux-x86_64-fedora-gcc, r-devel-windows-x86_64, r-patched-linux-x86_64, r-release-linux-x86_64, r-release-macos-arm64, r-release-macos-x86_64, r-release-windows-x86_64, r-oldrel-macos-arm64, r-oldrel-macos-x86_64, r-oldrel-windows-x86_64