CRAN Package Check Results for Package koRpus.lang.en

Last updated on 2025-07-19 04:49:25 CEST.

Flavor Version Tinstall Tcheck Ttotal Status Flags
r-devel-linux-x86_64-debian-clang 0.1-4 7.05 61.39 68.44 OK
r-devel-linux-x86_64-debian-gcc 0.1-4 5.33 48.20 53.53 OK
r-devel-linux-x86_64-fedora-clang 0.1-4 101.82 NOTE
r-devel-linux-x86_64-fedora-gcc 0.1-4 95.00 NOTE
r-devel-windows-x86_64 0.1-4 8.00 71.00 79.00 OK
r-patched-linux-x86_64 0.1-4 6.25 58.60 64.85 OK
r-release-linux-x86_64 0.1-4 6.45 57.57 64.02 OK
r-release-macos-arm64 0.1-4 33.00 OK
r-release-macos-x86_64 0.1-4 87.00 OK
r-release-windows-x86_64 0.1-4 8.00 69.00 77.00 OK
r-oldrel-macos-arm64 0.1-4 32.00 OK
r-oldrel-macos-x86_64 0.1-4 65.00 OK
r-oldrel-windows-x86_64 0.1-4 11.00 84.00 95.00 OK

Check Details

Version: 0.1-4
Check: dependencies in R code
Result: NOTE Namespace in Imports field not imported from: ‘methods’ All declared Imports should be used. Flavors: r-devel-linux-x86_64-fedora-clang, r-devel-linux-x86_64-fedora-gcc