CRAN Package Check Results for Package ksNN

Last updated on 2025-07-19 04:49:25 CEST.

Flavor Version Tinstall Tcheck Ttotal Status Flags
r-devel-linux-x86_64-debian-clang 0.1.2 10.93 22.81 33.74 NOTE
r-devel-linux-x86_64-debian-gcc 0.1.2 7.48 19.37 26.85 NOTE
r-devel-linux-x86_64-fedora-clang 0.1.2 55.76 OK
r-devel-linux-x86_64-fedora-gcc 0.1.2 52.79 OK
r-devel-windows-x86_64 0.1.2 15.00 68.00 83.00 OK
r-patched-linux-x86_64 0.1.2 10.44 22.37 32.81 OK
r-release-linux-x86_64 0.1.2 10.77 21.95 32.72 OK
r-release-macos-arm64 0.1.2 23.00 OK
r-release-macos-x86_64 0.1.2 36.00 OK
r-release-windows-x86_64 0.1.2 14.00 65.00 79.00 OK
r-oldrel-macos-arm64 0.1.2 21.00 NOTE
r-oldrel-macos-x86_64 0.1.2 30.00 NOTE
r-oldrel-windows-x86_64 0.1.2 12.00 73.00 85.00 NOTE

Check Details

Version: 0.1.2
Check: CRAN incoming feasibility
Result: NOTE Maintainer: ‘Kei Nakagawa <kei.nak.0315@gmail.com>’ The Description field contains Anava and Levy (2016) <arXiv:1701.07266>. Please refer to arXiv e-prints via their arXiv DOI <doi:10.48550/arXiv.YYMM.NNNNN>. Flavors: r-devel-linux-x86_64-debian-clang, r-devel-linux-x86_64-debian-gcc

Version: 0.1.2
Check: LazyData
Result: NOTE 'LazyData' is specified without a 'data' directory Flavors: r-oldrel-macos-arm64, r-oldrel-macos-x86_64, r-oldrel-windows-x86_64