Last updated on 2025-05-23 04:51:11 CEST.
Flavor | Version | Tinstall | Tcheck | Ttotal | Status | Flags |
---|---|---|---|---|---|---|
r-devel-linux-x86_64-debian-clang | 1.73 | 5.98 | 59.43 | 65.41 | OK | |
r-devel-linux-x86_64-debian-gcc | 1.73 | 4.61 | 43.21 | 47.82 | OK | |
r-devel-linux-x86_64-fedora-clang | 1.73 | 103.18 | NOTE | |||
r-devel-linux-x86_64-fedora-gcc | 1.73 | 115.41 | NOTE | |||
r-devel-windows-x86_64 | 1.73 | 8.00 | 180.00 | 188.00 | OK | |
r-patched-linux-x86_64 | 1.73 | 5.81 | 57.34 | 63.15 | OK | |
r-release-linux-x86_64 | 1.73 | 5.60 | 57.55 | 63.15 | OK | |
r-release-macos-arm64 | 1.73 | 43.00 | OK | |||
r-release-macos-x86_64 | 1.73 | 79.00 | OK | |||
r-release-windows-x86_64 | 1.73 | 7.00 | 159.00 | 166.00 | OK | |
r-oldrel-macos-arm64 | 1.73 | 42.00 | OK | |||
r-oldrel-macos-x86_64 | 1.73 | 55.00 | OK | |||
r-oldrel-windows-x86_64 | 1.73 | 9.00 | 118.00 | 127.00 | OK |
Version: 1.73
Check: dependencies in R code
Result: NOTE
Namespace in Imports field not imported from: ‘RUnit’
All declared Imports should be used.
Flavors: r-devel-linux-x86_64-fedora-clang, r-devel-linux-x86_64-fedora-gcc