CRAN Package Check Results for Package languagelayeR

Last updated on 2025-07-19 04:49:25 CEST.

Flavor Version Tinstall Tcheck Ttotal Status Flags
r-devel-linux-x86_64-debian-clang 1.2.4 2.27 28.25 30.52 OK
r-devel-linux-x86_64-debian-gcc 1.2.4 1.59 23.31 24.90 OK
r-devel-linux-x86_64-fedora-clang 1.2.4 47.41 OK
r-devel-linux-x86_64-fedora-gcc 1.2.4 57.96 OK
r-devel-windows-x86_64 1.2.4 4.00 49.00 53.00 OK
r-patched-linux-x86_64 1.2.4 2.38 27.14 29.52 OK
r-release-linux-x86_64 1.2.4 2.24 27.06 29.30 OK
r-release-macos-arm64 1.2.4 38.00 OK
r-release-macos-x86_64 1.2.4 55.00 OK
r-release-windows-x86_64 1.2.4 3.00 48.00 51.00 OK
r-oldrel-macos-arm64 1.2.4 26.00 NOTE
r-oldrel-macos-x86_64 1.2.4 43.00 NOTE
r-oldrel-windows-x86_64 1.2.4 5.00 54.00 59.00 NOTE

Check Details

Version: 1.2.4
Check: LazyData
Result: NOTE 'LazyData' is specified without a 'data' directory Flavors: r-oldrel-macos-arm64, r-oldrel-macos-x86_64, r-oldrel-windows-x86_64