Last updated on 2025-07-19 04:49:25 CEST.
Flavor | Version | Tinstall | Tcheck | Ttotal | Status | Flags |
---|---|---|---|---|---|---|
r-devel-linux-x86_64-debian-clang | 1.1 | 24.34 | 64.30 | 88.64 | NOTE | |
r-devel-linux-x86_64-debian-gcc | 1.1 | 16.46 | 48.66 | 65.12 | NOTE | |
r-devel-linux-x86_64-fedora-clang | 1.1 | 133.40 | NOTE | |||
r-devel-linux-x86_64-fedora-gcc | 1.1 | 128.93 | NOTE | |||
r-devel-windows-x86_64 | 1.1 | 28.00 | 89.00 | 117.00 | NOTE | |
r-patched-linux-x86_64 | 1.1 | 23.68 | 61.42 | 85.10 | NOTE | |
r-release-linux-x86_64 | 1.1 | 23.41 | 60.79 | 84.20 | NOTE | |
r-release-macos-arm64 | 1.1 | 41.00 | NOTE | |||
r-release-macos-x86_64 | 1.1 | 83.00 | NOTE | |||
r-release-windows-x86_64 | 1.1 | 27.00 | 88.00 | 115.00 | NOTE | |
r-oldrel-macos-arm64 | 1.1 | 40.00 | NOTE | |||
r-oldrel-macos-x86_64 | 1.1 | 62.00 | NOTE | |||
r-oldrel-windows-x86_64 | 1.1 | 33.00 | 117.00 | 150.00 | NOTE |
Version: 1.1
Check: CRAN incoming feasibility
Result: NOTE
Maintainer: ‘Yanxin Jin <yanxinj@umich.edu>’
No Authors@R field in DESCRIPTION.
Please add one, modifying
Authors@R: c(person(given = "Yanxin",
family = "Jin",
role = c("aut", "cre"),
email = "yanxinj@umich.edu"),
person(given = "Samantha",
family = "Yang",
role = "aut"),
person(given = c("Kean", "Ming"),
family = "Tan",
role = "aut"))
as necessary.
Flavors: r-devel-linux-x86_64-debian-clang, r-devel-linux-x86_64-debian-gcc
Version: 1.1
Check: C++ specification
Result: NOTE
Specified C++11: please drop specification unless essential
Flavors: r-devel-linux-x86_64-debian-clang, r-devel-linux-x86_64-debian-gcc, r-devel-linux-x86_64-fedora-clang, r-devel-linux-x86_64-fedora-gcc, r-devel-windows-x86_64, r-patched-linux-x86_64, r-release-linux-x86_64, r-release-macos-arm64, r-release-macos-x86_64, r-release-windows-x86_64, r-oldrel-macos-arm64, r-oldrel-macos-x86_64, r-oldrel-windows-x86_64