Last updated on 2025-07-17 04:54:43 CEST.
Flavor | Version | Tinstall | Tcheck | Ttotal | Status | Flags |
---|---|---|---|---|---|---|
r-devel-linux-x86_64-debian-clang | 0.2-2 | 30.75 | 63.08 | 93.83 | NOTE | |
r-devel-linux-x86_64-debian-gcc | 0.2-2 | 20.94 | 42.40 | 63.34 | NOTE | |
r-devel-linux-x86_64-fedora-clang | 0.2-2 | 167.36 | NOTE | |||
r-devel-linux-x86_64-fedora-gcc | 0.2-2 | 159.87 | NOTE | |||
r-devel-windows-x86_64 | 0.2-2 | 35.00 | 112.00 | 147.00 | NOTE | |
r-patched-linux-x86_64 | 0.2-2 | 26.01 | 57.94 | 83.95 | NOTE | |
r-release-linux-x86_64 | 0.2-2 | 29.41 | 57.81 | 87.22 | NOTE | |
r-release-macos-arm64 | 0.2-2 | 53.00 | NOTE | |||
r-release-macos-x86_64 | 0.2-2 | 91.00 | NOTE | |||
r-release-windows-x86_64 | 0.2-2 | 36.00 | 109.00 | 145.00 | NOTE | |
r-oldrel-macos-arm64 | 0.2-2 | 63.00 | OK | |||
r-oldrel-macos-x86_64 | 0.2-2 | 142.00 | OK | |||
r-oldrel-windows-x86_64 | 0.2-2 | 42.00 | 130.00 | 172.00 | OK |
Version: 0.2-2
Check: DESCRIPTION meta-information
Result: NOTE
Missing dependency on R >= 4.1.0 because package code uses the pipe
|> or function shorthand \(...) syntax added in R 4.1.0.
File(s) using such syntax:
‘00methods.R’ ‘creg_datalist.R’ ‘creg_input.R’ ‘creg_partable.R’
‘creg_startvals.r’
Flavors: r-devel-linux-x86_64-debian-clang, r-devel-linux-x86_64-debian-gcc, r-devel-linux-x86_64-fedora-clang, r-devel-linux-x86_64-fedora-gcc, r-devel-windows-x86_64, r-patched-linux-x86_64, r-release-linux-x86_64, r-release-macos-arm64, r-release-macos-x86_64, r-release-windows-x86_64